{"id":155,"date":"2019-04-16T09:40:07","date_gmt":"2019-04-16T14:40:07","guid":{"rendered":"https:\/\/www.amdar.com.co\/sitio\/?post_type=product&#038;p=155"},"modified":"2019-04-17T11:52:52","modified_gmt":"2019-04-17T16:52:52","slug":"pasteles-de-hojaldre-con-arequipe-y-gayaba-500-gr-manchis","status":"publish","type":"product","link":"https:\/\/www.amdar.com.co\/sitio\/producto\/pasteles-de-hojaldre-con-arequipe-y-gayaba-500-gr-manchis\/","title":{"rendered":"PASTELES DE HOJALDRE X 30-60 Y12 UNIDADES"},"content":{"rendered":"<p style=\"text-align: justify\">Este es un postre muy sencillo con ingredientes simples y f\u00e1cil de hacer en casa, pero tambi\u00e9n se puede encontrar en panader\u00edas , pasteler\u00edas,cafeter\u00edas escolares en Colombia. El nombre de chicharrones proviene de la forma de los pasteles porque se parecen a nuestro popular chicharr\u00f3n de cerdo frito.<\/p>\n","protected":false},"excerpt":{"rendered":"<ul>\n<li>Pastel tradicional colombiano<\/li>\n<li>Masa de hojaldre<\/li>\n<li>Relleno suave, dulce y delicioso<\/li>\n<\/ul>\n","protected":false},"featured_media":157,"comment_status":"open","ping_status":"closed","template":"","meta":{"_et_pb_use_builder":"","_et_pb_old_content":"","_et_gb_content_width":""},"_links":{"self":[{"href":"https:\/\/www.amdar.com.co\/sitio\/wp-json\/wp\/v2\/product\/155"}],"collection":[{"href":"https:\/\/www.amdar.com.co\/sitio\/wp-json\/wp\/v2\/product"}],"about":[{"href":"https:\/\/www.amdar.com.co\/sitio\/wp-json\/wp\/v2\/types\/product"}],"replies":[{"embeddable":true,"href":"https:\/\/www.amdar.com.co\/sitio\/wp-json\/wp\/v2\/comments?post=155"}],"wp:featuredmedia":[{"embeddable":true,"href":"https:\/\/www.amdar.com.co\/sitio\/wp-json\/wp\/v2\/media\/157"}],"wp:attachment":[{"href":"https:\/\/www.amdar.com.co\/sitio\/wp-json\/wp\/v2\/media?parent=155"}],"curies":[{"name":"wp","href":"https:\/\/api.w.org\/{rel}","templated":true}]}}